{"id":1237,"date":"2017-11-07T13:42:43","date_gmt":"2017-11-07T11:42:43","guid":{"rendered":"http:\/\/www.ais-jugendservice.at\/?page_id=1237"},"modified":"2025-09-11T09:56:13","modified_gmt":"2025-09-11T07:56:13","slug":"flexible-hilfen-im-rahmen-der-vollen-erziehung","status":"publish","type":"page","link":"https:\/\/www.ais-jugendservice.at\/de\/angebote\/flexible-hilfen-im-rahmen-der-vollen-erziehung\/","title":{"rendered":"Flexible Hilfen im Rahmen der vollen Erziehung"},"content":{"rendered":"<h1>Flexible Hilfen im Rahmen der vollen Erziehung<\/h1>\n<p>Die flexiblen Hilfen im Rahmen der vollen Erziehung schaffen Settings und M\u00f6glichkeiten f\u00fcr passgenaue und lebensweltorientierte Hilfen f\u00fcr Kinder, Jugendliche und deren Familien. Sie begleiten die Familien bei der Erreichung ihrer Ziele unter Einbezug ihrer pers\u00f6nlichen und sozialr\u00e4umlichen Ressourcen. Ein zentrales Element besteht aus der aktivierenden Elternarbeit.<\/p>\n<p>Exemplarische Auflistung der M\u00f6glichkeiten:<\/p>\n<ul>\n<li>Wohngruppenunterbringung<\/li>\n<li>Familienunterbringung mit niederschwelliger bis zu 24h-Begleitung<\/li>\n<li>Unterbringung von Kindern und Jugendlichen in eigenen Wohneinheiten mit niederschwelliger bis zu intensiver 24h-Begleitung<\/li>\n<li>Familienbegleitung am Wohnort mit niederschwelliger bis zu intensiver Begleitung<\/li>\n<\/ul>\n<p>&nbsp;<\/p>\n","protected":false},"excerpt":{"rendered":"<p>Flexible Hilfen im Rahmen der vollen Erziehung Die flexiblen Hilfen im Rahmen der vollen Erziehung schaffen Settings und M\u00f6glichkeiten f\u00fcr passgenaue und lebensweltorientierte Hilfen f\u00fcr Kinder, Jugendliche und deren Familien. Sie begleiten die Familien bei der Erreichung ihrer Ziele unter Einbezug ihrer pers\u00f6nlichen und sozialr\u00e4umlichen Ressourcen. Ein zentrales Element besteht aus der aktivierenden Elternarbeit. Exemplarische [&hellip;]<\/p>\n","protected":false},"author":1,"featured_media":0,"parent":7,"menu_order":3,"comment_status":"closed","ping_status":"closed","template":"","meta":{"_acf_changed":false,"footnotes":""},"class_list":["post-1237","page","type-page","status-publish","hentry"],"acf":[],"_links":{"self":[{"href":"https:\/\/www.ais-jugendservice.at\/de\/wp-json\/wp\/v2\/pages\/1237","targetHints":{"allow":["GET"]}}],"collection":[{"href":"https:\/\/www.ais-jugendservice.at\/de\/wp-json\/wp\/v2\/pages"}],"about":[{"href":"https:\/\/www.ais-jugendservice.at\/de\/wp-json\/wp\/v2\/types\/page"}],"author":[{"embeddable":true,"href":"https:\/\/www.ais-jugendservice.at\/de\/wp-json\/wp\/v2\/users\/1"}],"replies":[{"embeddable":true,"href":"https:\/\/www.ais-jugendservice.at\/de\/wp-json\/wp\/v2\/comments?post=1237"}],"version-history":[{"count":29,"href":"https:\/\/www.ais-jugendservice.at\/de\/wp-json\/wp\/v2\/pages\/1237\/revisions"}],"predecessor-version":[{"id":3756,"href":"https:\/\/www.ais-jugendservice.at\/de\/wp-json\/wp\/v2\/pages\/1237\/revisions\/3756"}],"up":[{"embeddable":true,"href":"https:\/\/www.ais-jugendservice.at\/de\/wp-json\/wp\/v2\/pages\/7"}],"wp:attachment":[{"href":"https:\/\/www.ais-jugendservice.at\/de\/wp-json\/wp\/v2\/media?parent=1237"}],"curies":[{"name":"wp","href":"https:\/\/api.w.org\/{rel}","templated":true}]}}

<h1>Flexible Hilfen im Rahmen der vollen Erziehung</h1>
<p>Die flexiblen Hilfen im Rahmen der vollen Erziehung schaffen Settings und Möglichkeiten für passgenaue und lebensweltorientierte Hilfen für Kinder, Jugendliche und deren Familien. Sie begleiten die Familien bei der Erreichung ihrer Ziele unter Einbezug ihrer persönlichen und sozialräumlichen Ressourcen. Ein zentrales Element besteht aus der aktivierenden Elternarbeit.</p>
<p>Exemplarische Auflistung der Möglichkeiten:</p>
<ul>
<li>Wohngruppenunterbringung</li>
<li>Familienunterbringung mit niederschwelliger bis zu 24h-Begleitung</li>
<li>Unterbringung von Kindern und Jugendlichen in eigenen Wohneinheiten mit niederschwelliger bis zu intensiver 24h-Begleitung</li>
<li>Familienbegleitung am Wohnort mit niederschwelliger bis zu intensiver Begleitung</li>
</ul>
<p>&nbsp;</p>

<p>Flexible Hilfen im Rahmen der vollen Erziehung Die flexiblen Hilfen im Rahmen der vollen Erziehung schaffen Settings und Möglichkeiten für passgenaue und lebensweltorientierte Hilfen für Kinder, Jugendliche und deren Familien. Sie begleiten die Familien bei der Erreichung ihrer Ziele unter Einbezug ihrer persönlichen und sozialräumlichen Ressourcen. Ein zentrales Element besteht aus der aktivierenden Elternarbeit. Exemplarische [&hellip;]</p>
